 + f. What are the prime factors of b(r)?
5, 43
Suppose -339*v = -335*v - 105668. What are the prime factors of v?
26417
Let p = 84 - 82. Suppose 0 = -p*x + 4*x - 3*c - 290, 145 = x - 5*c. Suppose -m = -4*v - x, -v - v = 10. What are the prime factors of m?
5
Let y = 118298 - 74668. What are the prime factors of y?
2, 5, 4363
Let z be 1/(-2 + 0) - (-98994)/28. Suppose 207 - z = -13*a. List the prime factors of a.
2
Let y be (-6)/(-4)*-5*2/(-3). Suppose -3*p + l = -0*l - 14, 2*p + 19 = -y*l. Suppose -p*d - 56 + 189 = 2*b, -4*d - 168 = -2*b. What are the prime factors of b?
2, 37
Let i(j) = 42*j**2 - 97*j + 840. List the prime factors of i(26).
2, 5, 2671
Suppose -32 = -8*k, 0 = -w - 17*k + 13*k + 5645. What are the prime factors of w?
13, 433
Let g(l) = 2*l**2 + 27*l + 35. Suppose 203 + 13 = 24*r. What are the prime factors of g(r)?
2, 5, 11
Let z be 10 - 12 - (1 - -7). Let c be ((-36)/15)/(z/25). Let i(p) = 28*p - 17. List the prime factors of i(c).
151
Let z(m) = m**2 - 4*m + 4. Suppose -4 = -4*y + 8. Let c be z(y). List the prime factors of 7*c/((-28)/(-12)).
3
Let z(j) = 48*j**2 - 25*j + 36. Suppose -5*g = -t - 30, -3*g + 9 = -5*t - 9. List the prime factors of z(g).
2, 3, 269
Let f = 1316 - -1786. Suppose 47*a + f = 50*a. What are the prime factors of a?
2, 11, 47
What are the prime factors of 184/(-6)*(131232/320)/(2/(-5))?
23, 1367
Let g be (-4)/3*(8 + -2). Let d(k) = -8*k - 6*k - 7*k - 1 + k + 8*k. What are the prime factors of d(g)?
5, 19
Let f = 82 - 160. Let s = f + 207. Suppose 5*l + 391 = 3*j, -j = -2*j + l + s. List the prime factors of j.
127
Suppose x + 5*a + 263 = -1788, 4*x - a + 8309 = 0. What are the prime factors of 7/(-28)*14*x/7?
2, 3, 173
Let g(a) = -a**2 + 66*a + 314. Suppose -121 - 517 = -11*v. What are the prime factors of g(v)?
2, 389
Let i = 3090 - 4346. Let q = 2965 + i. List the prime factors of q.
1709
Let q be 0 + (2 - 1) - (14 + -18). Suppose -33 = -q*m - 18. Suppose 2*x - z - 490 = 0, 5*z = -5*x + m*z + 1243. What are the prime factors of x?
13, 19
Let p(f) = -2*f**2 - 81*f + 48. Let n(x) = x**2 + 54*x - 32. Suppose -16 = 4*y + 16. Let j(u) = y*n(u) - 5*p(u). List the prime factors of j(13).
3
Let j(q) = q**3 + 8*q**2 - 21*q - 8. Let i be j(-10). List the prime factors of -5 + i + (3 - -183).
3, 61
What are the prime factors of (-100)/(4 - -16) + 305*43?
2, 3, 5, 19, 23
Let d = 1432 - -8606. What are the prime factors of d?
2, 3, 7, 239
Let m = 1407 - -16808. What are the prime factors of m?
5, 3643
Suppose -24*l + 306173 = 155629 - 820184. List the prime factors of l.
11, 3677
Let p = 3756 + -1371. List the prime factors of p.
3, 5, 53
Let j(z) = 1958*z**2 + 240*z - 4. List the prime factors of j(-5).
2, 23873
Let v = -314 + 295. List the prime factors of (-698)/6*(v + (-5 - -18)).
2, 349
Let l = -4 - -6. Suppose 975 = l*y + 5*r - 10*r, -2*r + 1491 = 3*y. List the prime factors of y.
3, 5, 11
Let r be (1*64/(-12))/((-2)/174). Suppose 41*s = 43*s - r. List the prime factors of s.
2, 29
Let s(v) = -20*v + 2. Let r be s(-3). Suppose 153 = 8*q - 23. Let c = r + q. What are the prime factors of c?
2, 3, 7
Let y(d) = -4*d**3 + 16*d**2 + 28*d - 7. What are the prime factors of y(-9)?
59, 67
Suppose -241*x = -213*x - 199836. List the prime factors of x.
3, 13, 61
Suppose 2*j + 3*l = 351, 0 = 3*j + 2*l + 2*l - 526. Let w(g) = -3*g**2 - g + 13. Let i be w(5). Let k = i + j. List the prime factors of k.
107
Suppose -2*s = 15 - 21. Suppose u + 4 = 0, y + s*u + 12 + 9 = 0. Let k(b) = -3*b - 18. List the prime factors of k(y).
3
Let o(r) = 1134*r - 2137. What are the prime factors of o(7)?
5801
Let j = 79 - 77. Suppose j*p + 2*h - 530 = 0, -4*h = -2*p - 2*p + 1068. What are the prime factors of p?
2, 7, 19
Let t(c) = 2*c**2 - 8*c + 7. Let q be t(-6). Suppose -2*m = -5*g - 460, 3*m = -g + 80 + 576. Let y = m - q. List the prime factors of y.
3, 31
Suppose 0 = -19*j - 316220 + 974361. List the prime factors of j.
11, 47, 67
Suppose 6307*n + 154638 = 6340*n. List the prime factors of n.
2, 3, 11, 71
Suppose 5*h = 2*m - 2 + 8, -h - 15 = 5*m. Suppose -w + 5*l + 26 = h, -133 = -4*w - 5*l + 46. Let d = w - -15. What are the prime factors of d?
2, 7
Suppose -3*h - h = -24. Suppose -3*p = 2*v - h*v + 269, 2*v + 2*p - 152 = 0. Let o = v - 53. List the prime factors of o.
2, 3
Let v be ((-176)/(-32) + -2)/(2/(-176)). Suppose 0*s - 2*s = 128. Let r = s - v. List the prime factors of r.
2, 61
Let w(m) = -21*m - 3. Let c be w(-4). Suppose 6*x = 2*x + 104. Suppose a = -x + c. List the prime factors of a.
5, 11
Suppose -3*r = 732 + 1242. Let y = r - -1124. What are the prime factors of y?
2, 233
Suppose -3*z = -2*j - 15141 - 16047, -z - j + 10396 = 0. List the prime factors of z.
2, 23, 113
Suppose -3*n + 30*w = 25*w - 20975, -2*w + 10 = 0. List the prime factors of n.
2, 5, 7
Suppose -2*x + 3*k = 2*x + 15, 4*x = k - 5. Suppose 23*f - 22*f - 2 = x. What are the prime factors of (-78)/1*f/(-4)?
3, 13
Let h(r) = 15*r**2 - 2*r - 1. Let q be h(-3). Suppose 4*t = -6*t - q. What are the prime factors of -42*((-6)/t + 0 + -3)?
2, 3
Suppose -38 = -g - 4*u, -g + 10*u = 5*u - 20. What are the prime factors of -6 + 7818/g - 4/(-10)?
3, 5, 17
Let q(y) = -164*y - 28. Suppose 29*b + 74 = -71. What are the prime factors of q(b)?
2, 3, 11
Let w(p) = 107*p**2 - 6*p - 79. What are the prime factors of w(8)?
11, 13, 47
List the prime factors of ((-32)/32)/((-2)/346).
173
Let w = 190 - 94. What are the prime factors of ((-28)/(-2) - -2)*w/6?
2
Suppose 2*p - 9*p - 7 = 0. Let l be 8/1*p/(-2) - 38. Let r = 173 + l. What are the prime factors of r?
139
Let u(r) = r**3 - 14*r**2 + 46*r - 52. What are the prime factors of u(19)?
37, 71
Let v = -2289 - -10790. List the prime factors of v.
8501
Let w(n) = -n + 23. Let b be w(19). Suppose v - 3 = 0, -5*c = -0*c + b*v - 337. Suppose -c = -l + 17. List the prime factors of l.
2, 41
Let x(d) = -1081*d**3 - d**2 + 13*d + 10. Let m(v) = 360*v**3 - 4*v - 3. Let h(k) = -7*m(k) - 2*x(k). What are the prime factors of h(-1)?
359
Let t(z) be the second derivative of 197*z**4/12 + z**3/6 + z**2 - 38*z. List the prime factors of t(-1).
2, 3, 11
Let b be 10/6*(-66)/(-55). Suppose -w = b*s - 4*w - 288, w = -4. Suppose -2*u = -x + 139, 431 = 4*x + 5*u - s. List the prime factors of x.
3, 47
Let v(c) = c**2 + 12*c + 22. Let x be v(-11). Let w(l) = -34 + 2*l**2 + 15 + x + 5*l. What are the prime factors of w(9)?
199
Suppose 113340*s - 113327*s = 136539. What are the prime factors of s?
3, 389
Suppose -5 + 1 = -2*y. Suppose -4 = -4*t, 12 = -4*p + 2*t + y*t. List the prime factors of (-723 + 3)/(-5) + p.
2, 71
Let h = 7236 + 9560. What are the prime factors of h?
2, 13, 17, 19
Let j(c) = 2*c - 21. Let y be j(8). Let l(o) = 47*o**2 - 9*o - 17. List the prime factors of l(y).
3, 401
Suppose 54550 = 4*m - 31247 - 42175. What are the prime factors of m?
13, 23, 107
Let h = 26 - -21. What are the prime factors of h*(13 - 5) + 3?
379
Suppose 5*s = -w + 580, -2*w + 355 = 4*s - s. What are the prime factors of (-1510)/6*(-207)/s?
3, 151
Suppose -20 = -d - 4*d, 2*l - 2*d = 64. Let i = -48 + l. List the prime factors of i/9 - (-954)/27.
2, 17
Let g(y) = 483*y**2 + 84*y + 6. What are the prime factors of g(4)?
2, 3, 5, 269
What are the prime factors of (-68)/374 - 21*(-146634)/99?
2, 3
Let q be ((-3)/(-6))/(2/24). Let c = 10 - q. What are the prime factors of (-35 + 3)*-2 - c?
2, 3, 5
Let z(u) = 1. Let t(f) = -f**2 - 3*f + 447. Let m(s) = t(s) - 5*z(s). What are the prime factors of m(0)?
2, 13, 17
Suppose -5*f + 35920 = 5*m, -3*f - 3*m + 21544 = 2*m. What are the prime factors of f?
2, 3, 599
Let l = -31847 + 51657. List the prime factors of l.
2, 5, 7, 283
Let u(p) = p**3 - 20*p**2 + 4*p - 20. Let f = 42 + -44. Let q be 414/21 + f/(-7). What are the prime factors of u(q)?
2, 3, 5
Let p = -57 + 94. Let g = 40 - p. List the prime factors of (-228)/((-9)/g) - -3.
79
Suppose -2*f - j + 22 = 2*f, f + 3*j = 0. Suppose f*y = 3779 - 941. What are the prime factors of y?
11, 43
Let g = 301 - -191. Let v = g + -277. List the prime factors of v.
5, 43
Suppose -5*j = j - 6. What are the prime factors of (22/(-4) + j)*(-264)/9?
2, 3, 11
What are the prime factors of 27812/(20/(-18) - 812/(-261))?
2, 17, 409
Let z be -1 + 161/4 - 45/(-60). Let c = -35 +